{"id":5226,"date":"2025-08-09T12:35:34","date_gmt":"2025-08-09T12:35:34","guid":{"rendered":"https:\/\/www.zoldagvendegszeretet.hu\/?page_id=5226"},"modified":"2025-08-09T12:43:05","modified_gmt":"2025-08-09T12:43:05","slug":"2025-rendezvenyek","status":"publish","type":"page","link":"https:\/\/www.zoldagvendegszeretet.hu\/?page_id=5226","title":{"rendered":"2025 Rendezv\u00e9nyek"},"content":{"rendered":"\t\t<div data-elementor-type=\"wp-page\" data-elementor-id=\"5226\" class=\"elementor elementor-5226\" data-elementor-settings=\"[]\">\n\t\t\t\t\t\t<div class=\"elementor-inner\">\n\t\t\t\t\t\t\t<div class=\"elementor-section-wrap\">\n\t\t\t\t\t\t\t<section class=\"elementor-section elementor-top-section elementor-element elementor-element-764f213 elementor-section-boxed elementor-section-height-default elementor-section-height-default\" data-id=\"764f213\" data-element_type=\"section\">\n\t\t\t\t\t\t<div class=\"elementor-container elementor-column-gap-default\">\n\t\t\t\t\t\t\t<div class=\"elementor-row\">\n\t\t\t\t\t<div class=\"elementor-column elementor-col-100 elementor-top-column elementor-element elementor-element-251ada5\" data-id=\"251ada5\" data-element_type=\"column\">\n\t\t\t<div class=\"elementor-column-wrap elementor-element-populated\">\n\t\t\t\t\t\t\t<div class=\"elementor-widget-wrap\">\n\t\t\t\t\t\t<div class=\"elementor-element elementor-element-0bf3d56 elementor-widget elementor-widget-image\" data-id=\"0bf3d56\" data-element_type=\"widget\" data-widget_type=\"image.default\">\n\t\t\t\t<div class=\"elementor-widget-container\">\n\t\t\t\t\t\t\t\t<div class=\"elementor-image\">\n\t\t\t\t\t\t\t\t\t\t\t\t<img width=\"700\" height=\"990\" src=\"https:\/\/www.zoldagvendegszeretet.hu\/wp-content\/uploads\/2025\/07\/Megemlekezes-724x1024.jpg\" class=\"attachment-large size-large\" alt=\"\" loading=\"lazy\" srcset=\"https:\/\/www.zoldagvendegszeretet.hu\/wp-content\/uploads\/2025\/07\/Megemlekezes-724x1024.jpg 724w, https:\/\/www.zoldagvendegszeretet.hu\/wp-content\/uploads\/2025\/07\/Megemlekezes-212x300.jpg 212w, https:\/\/www.zoldagvendegszeretet.hu\/wp-content\/uploads\/2025\/07\/Megemlekezes-768x1086.jpg 768w, https:\/\/www.zoldagvendegszeretet.hu\/wp-content\/uploads\/2025\/07\/Megemlekezes-1086x1536.jpg 1086w, https:\/\/www.zoldagvendegszeretet.hu\/wp-content\/uploads\/2025\/07\/Megemlekezes-1448x2048.jpg 1448w, https:\/\/www.zoldagvendegszeretet.hu\/wp-content\/uploads\/2025\/07\/Megemlekezes.jpg 1587w\" sizes=\"(max-width: 700px) 100vw, 700px\" \/>\t\t\t\t\t\t\t\t\t\t\t\t\t\t<\/div>\n\t\t\t\t\t\t<\/div>\n\t\t\t\t<\/div>\n\t\t\t\t\t\t<\/div>\n\t\t\t\t\t<\/div>\n\t\t<\/div>\n\t\t\t\t\t\t\t\t<\/div>\n\t\t\t\t\t<\/div>\n\t\t<\/section>\n\t\t\t\t<section class=\"elementor-section elementor-top-section elementor-element elementor-element-f33e1e3 elementor-section-boxed elementor-section-height-default elementor-section-height-default\" data-id=\"f33e1e3\" data-element_type=\"section\">\n\t\t\t\t\t\t<div class=\"elementor-container elementor-column-gap-default\">\n\t\t\t\t\t\t\t<div class=\"elementor-row\">\n\t\t\t\t\t<div class=\"elementor-column elementor-col-100 elementor-top-column elementor-element elementor-element-d9e6019\" data-id=\"d9e6019\" data-element_type=\"column\">\n\t\t\t<div class=\"elementor-column-wrap elementor-element-populated\">\n\t\t\t\t\t\t\t<div class=\"elementor-widget-wrap\">\n\t\t\t\t\t\t<div class=\"elementor-element elementor-element-bf6158b elementor-widget elementor-widget-image\" data-id=\"bf6158b\" data-element_type=\"widget\" data-widget_type=\"image.default\">\n\t\t\t\t<div class=\"elementor-widget-container\">\n\t\t\t\t\t\t\t\t<div class=\"elementor-image\">\n\t\t\t\t\t\t\t\t\t\t\t\t<img width=\"700\" height=\"525\" src=\"https:\/\/www.zoldagvendegszeretet.hu\/wp-content\/uploads\/2025\/08\/DSCN0946-1024x768.jpg\" class=\"attachment-large size-large\" alt=\"\" loading=\"lazy\" srcset=\"https:\/\/www.zoldagvendegszeretet.hu\/wp-content\/uploads\/2025\/08\/DSCN0946-1024x768.jpg 1024w, https:\/\/www.zoldagvendegszeretet.hu\/wp-content\/uploads\/2025\/08\/DSCN0946-300x225.jpg 300w, https:\/\/www.zoldagvendegszeretet.hu\/wp-content\/uploads\/2025\/08\/DSCN0946-768x576.jpg 768w, https:\/\/www.zoldagvendegszeretet.hu\/wp-content\/uploads\/2025\/08\/DSCN0946-1536x1152.jpg 1536w, https:\/\/www.zoldagvendegszeretet.hu\/wp-content\/uploads\/2025\/08\/DSCN0946.jpg 1600w\" sizes=\"(max-width: 700px) 100vw, 700px\" \/>\t\t\t\t\t\t\t\t\t\t\t\t\t\t<\/div>\n\t\t\t\t\t\t<\/div>\n\t\t\t\t<\/div>\n\t\t\t\t\t\t<\/div>\n\t\t\t\t\t<\/div>\n\t\t<\/div>\n\t\t\t\t\t\t\t\t<\/div>\n\t\t\t\t\t<\/div>\n\t\t<\/section>\n\t\t\t\t<section class=\"elementor-section elementor-top-section elementor-element elementor-element-b5c178a elementor-section-boxed elementor-section-height-default elementor-section-height-default\" data-id=\"b5c178a\" data-element_type=\"section\">\n\t\t\t\t\t\t<div class=\"elementor-container elementor-column-gap-default\">\n\t\t\t\t\t\t\t<div class=\"elementor-row\">\n\t\t\t\t\t<div class=\"elementor-column elementor-col-100 elementor-top-column elementor-element elementor-element-0461487\" data-id=\"0461487\" data-element_type=\"column\">\n\t\t\t<div class=\"elementor-column-wrap elementor-element-populated\">\n\t\t\t\t\t\t\t<div class=\"elementor-widget-wrap\">\n\t\t\t\t\t\t<div class=\"elementor-element elementor-element-fd91fcd elementor-widget elementor-widget-image\" data-id=\"fd91fcd\" data-element_type=\"widget\" data-widget_type=\"image.default\">\n\t\t\t\t<div class=\"elementor-widget-container\">\n\t\t\t\t\t\t\t\t<div class=\"elementor-image\">\n\t\t\t\t\t\t\t\t\t\t\t\t<img width=\"700\" height=\"525\" src=\"https:\/\/www.zoldagvendegszeretet.hu\/wp-content\/uploads\/2025\/08\/DSCN0967-1024x768.jpg\" class=\"attachment-large size-large\" alt=\"\" loading=\"lazy\" srcset=\"https:\/\/www.zoldagvendegszeretet.hu\/wp-content\/uploads\/2025\/08\/DSCN0967-1024x768.jpg 1024w, https:\/\/www.zoldagvendegszeretet.hu\/wp-content\/uploads\/2025\/08\/DSCN0967-300x225.jpg 300w, https:\/\/www.zoldagvendegszeretet.hu\/wp-content\/uploads\/2025\/08\/DSCN0967-768x576.jpg 768w, https:\/\/www.zoldagvendegszeretet.hu\/wp-content\/uploads\/2025\/08\/DSCN0967-1536x1152.jpg 1536w, https:\/\/www.zoldagvendegszeretet.hu\/wp-content\/uploads\/2025\/08\/DSCN0967.jpg 1600w\" sizes=\"(max-width: 700px) 100vw, 700px\" \/>\t\t\t\t\t\t\t\t\t\t\t\t\t\t<\/div>\n\t\t\t\t\t\t<\/div>\n\t\t\t\t<\/div>\n\t\t\t\t\t\t<\/div>\n\t\t\t\t\t<\/div>\n\t\t<\/div>\n\t\t\t\t\t\t\t\t<\/div>\n\t\t\t\t\t<\/div>\n\t\t<\/section>\n\t\t\t\t<section class=\"elementor-section elementor-top-section elementor-element elementor-element-4ccd20c elementor-section-boxed elementor-section-height-default elementor-section-height-default\" data-id=\"4ccd20c\" data-element_type=\"section\">\n\t\t\t\t\t\t<div class=\"elementor-container elementor-column-gap-default\">\n\t\t\t\t\t\t\t<div class=\"elementor-row\">\n\t\t\t\t\t<div class=\"elementor-column elementor-col-100 elementor-top-column elementor-element elementor-element-5eed3d7\" data-id=\"5eed3d7\" data-element_type=\"column\">\n\t\t\t<div class=\"elementor-column-wrap elementor-element-populated\">\n\t\t\t\t\t\t\t<div class=\"elementor-widget-wrap\">\n\t\t\t\t\t\t<div class=\"elementor-element elementor-element-efdbec4 elementor-widget elementor-widget-image\" data-id=\"efdbec4\" data-element_type=\"widget\" data-widget_type=\"image.default\">\n\t\t\t\t<div class=\"elementor-widget-container\">\n\t\t\t\t\t\t\t\t<div class=\"elementor-image\">\n\t\t\t\t\t\t\t\t\t\t\t\t<img width=\"700\" height=\"525\" src=\"https:\/\/www.zoldagvendegszeretet.hu\/wp-content\/uploads\/2025\/08\/DSCN0968-1024x768.jpg\" class=\"attachment-large size-large\" alt=\"\" loading=\"lazy\" srcset=\"https:\/\/www.zoldagvendegszeretet.hu\/wp-content\/uploads\/2025\/08\/DSCN0968-1024x768.jpg 1024w, https:\/\/www.zoldagvendegszeretet.hu\/wp-content\/uploads\/2025\/08\/DSCN0968-300x225.jpg 300w, https:\/\/www.zoldagvendegszeretet.hu\/wp-content\/uploads\/2025\/08\/DSCN0968-768x576.jpg 768w, https:\/\/www.zoldagvendegszeretet.hu\/wp-content\/uploads\/2025\/08\/DSCN0968-1536x1152.jpg 1536w, https:\/\/www.zoldagvendegszeretet.hu\/wp-content\/uploads\/2025\/08\/DSCN0968.jpg 1600w\" sizes=\"(max-width: 700px) 100vw, 700px\" \/>\t\t\t\t\t\t\t\t\t\t\t\t\t\t<\/div>\n\t\t\t\t\t\t<\/div>\n\t\t\t\t<\/div>\n\t\t\t\t\t\t<\/div>\n\t\t\t\t\t<\/div>\n\t\t<\/div>\n\t\t\t\t\t\t\t\t<\/div>\n\t\t\t\t\t<\/div>\n\t\t<\/section>\n\t\t\t\t<section class=\"elementor-section elementor-top-section elementor-element elementor-element-7114677 elementor-section-boxed elementor-section-height-default elementor-section-height-default\" data-id=\"7114677\" data-element_type=\"section\">\n\t\t\t\t\t\t<div class=\"elementor-container elementor-column-gap-default\">\n\t\t\t\t\t\t\t<div class=\"elementor-row\">\n\t\t\t\t\t<div class=\"elementor-column elementor-col-100 elementor-top-column elementor-element elementor-element-e86ae82\" data-id=\"e86ae82\" data-element_type=\"column\">\n\t\t\t<div class=\"elementor-column-wrap elementor-element-populated\">\n\t\t\t\t\t\t\t<div class=\"elementor-widget-wrap\">\n\t\t\t\t\t\t<div class=\"elementor-element elementor-element-b0d3983 elementor-widget elementor-widget-image\" data-id=\"b0d3983\" data-element_type=\"widget\" data-widget_type=\"image.default\">\n\t\t\t\t<div class=\"elementor-widget-container\">\n\t\t\t\t\t\t\t\t<div class=\"elementor-image\">\n\t\t\t\t\t\t\t\t\t\t\t\t<img width=\"700\" height=\"525\" src=\"https:\/\/www.zoldagvendegszeretet.hu\/wp-content\/uploads\/2025\/08\/DSCN0994-1024x768.jpg\" class=\"attachment-large size-large\" alt=\"\" loading=\"lazy\" srcset=\"https:\/\/www.zoldagvendegszeretet.hu\/wp-content\/uploads\/2025\/08\/DSCN0994-1024x768.jpg 1024w, https:\/\/www.zoldagvendegszeretet.hu\/wp-content\/uploads\/2025\/08\/DSCN0994-300x225.jpg 300w, https:\/\/www.zoldagvendegszeretet.hu\/wp-content\/uploads\/2025\/08\/DSCN0994-768x576.jpg 768w, https:\/\/www.zoldagvendegszeretet.hu\/wp-content\/uploads\/2025\/08\/DSCN0994-1536x1152.jpg 1536w, https:\/\/www.zoldagvendegszeretet.hu\/wp-content\/uploads\/2025\/08\/DSCN0994.jpg 1600w\" sizes=\"(max-width: 700px) 100vw, 700px\" \/>\t\t\t\t\t\t\t\t\t\t\t\t\t\t<\/div>\n\t\t\t\t\t\t<\/div>\n\t\t\t\t<\/div>\n\t\t\t\t\t\t<\/div>\n\t\t\t\t\t<\/div>\n\t\t<\/div>\n\t\t\t\t\t\t\t\t<\/div>\n\t\t\t\t\t<\/div>\n\t\t<\/section>\n\t\t\t\t<section class=\"elementor-section elementor-top-section elementor-element elementor-element-1563161 elementor-section-boxed elementor-section-height-default elementor-section-height-default\" data-id=\"1563161\" data-element_type=\"section\">\n\t\t\t\t\t\t<div class=\"elementor-container elementor-column-gap-default\">\n\t\t\t\t\t\t\t<div class=\"elementor-row\">\n\t\t\t\t\t<div class=\"elementor-column elementor-col-100 elementor-top-column elementor-element elementor-element-c516efc\" data-id=\"c516efc\" data-element_type=\"column\">\n\t\t\t<div class=\"elementor-column-wrap elementor-element-populated\">\n\t\t\t\t\t\t\t<div class=\"elementor-widget-wrap\">\n\t\t\t\t\t\t<div class=\"elementor-element elementor-element-a64634d elementor-widget elementor-widget-image\" data-id=\"a64634d\" data-element_type=\"widget\" data-widget_type=\"image.default\">\n\t\t\t\t<div class=\"elementor-widget-container\">\n\t\t\t\t\t\t\t\t<div class=\"elementor-image\">\n\t\t\t\t\t\t\t\t\t\t\t\t<img width=\"700\" height=\"525\" src=\"https:\/\/www.zoldagvendegszeretet.hu\/wp-content\/uploads\/2025\/08\/DSCN0973-1024x768.jpg\" class=\"attachment-large size-large\" alt=\"\" loading=\"lazy\" srcset=\"https:\/\/www.zoldagvendegszeretet.hu\/wp-content\/uploads\/2025\/08\/DSCN0973-1024x768.jpg 1024w, https:\/\/www.zoldagvendegszeretet.hu\/wp-content\/uploads\/2025\/08\/DSCN0973-300x225.jpg 300w, https:\/\/www.zoldagvendegszeretet.hu\/wp-content\/uploads\/2025\/08\/DSCN0973-768x576.jpg 768w, https:\/\/www.zoldagvendegszeretet.hu\/wp-content\/uploads\/2025\/08\/DSCN0973-1536x1152.jpg 1536w, https:\/\/www.zoldagvendegszeretet.hu\/wp-content\/uploads\/2025\/08\/DSCN0973.jpg 1600w\" sizes=\"(max-width: 700px) 100vw, 700px\" \/>\t\t\t\t\t\t\t\t\t\t\t\t\t\t<\/div>\n\t\t\t\t\t\t<\/div>\n\t\t\t\t<\/div>\n\t\t\t\t\t\t<\/div>\n\t\t\t\t\t<\/div>\n\t\t<\/div>\n\t\t\t\t\t\t\t\t<\/div>\n\t\t\t\t\t<\/div>\n\t\t<\/section>\n\t\t\t\t<section class=\"elementor-section elementor-top-section elementor-element elementor-element-cc3eb3a elementor-section-boxed elementor-section-height-default elementor-section-height-default\" data-id=\"cc3eb3a\" data-element_type=\"section\">\n\t\t\t\t\t\t<div class=\"elementor-container elementor-column-gap-default\">\n\t\t\t\t\t\t\t<div class=\"elementor-row\">\n\t\t\t\t\t<div class=\"elementor-column elementor-col-100 elementor-top-column elementor-element elementor-element-a0f0668\" data-id=\"a0f0668\" data-element_type=\"column\">\n\t\t\t<div class=\"elementor-column-wrap elementor-element-populated\">\n\t\t\t\t\t\t\t<div class=\"elementor-widget-wrap\">\n\t\t\t\t\t\t<div class=\"elementor-element elementor-element-cc5c6e8 elementor-widget elementor-widget-image\" data-id=\"cc5c6e8\" data-element_type=\"widget\" data-widget_type=\"image.default\">\n\t\t\t\t<div class=\"elementor-widget-container\">\n\t\t\t\t\t\t\t\t<div class=\"elementor-image\">\n\t\t\t\t\t\t\t\t\t\t\t\t<img width=\"700\" height=\"525\" src=\"https:\/\/www.zoldagvendegszeretet.hu\/wp-content\/uploads\/2025\/08\/DSCN0977-1024x768.jpg\" class=\"attachment-large size-large\" alt=\"\" loading=\"lazy\" srcset=\"https:\/\/www.zoldagvendegszeretet.hu\/wp-content\/uploads\/2025\/08\/DSCN0977-1024x768.jpg 1024w, https:\/\/www.zoldagvendegszeretet.hu\/wp-content\/uploads\/2025\/08\/DSCN0977-300x225.jpg 300w, https:\/\/www.zoldagvendegszeretet.hu\/wp-content\/uploads\/2025\/08\/DSCN0977-768x576.jpg 768w, https:\/\/www.zoldagvendegszeretet.hu\/wp-content\/uploads\/2025\/08\/DSCN0977-1536x1152.jpg 1536w, https:\/\/www.zoldagvendegszeretet.hu\/wp-content\/uploads\/2025\/08\/DSCN0977.jpg 1600w\" sizes=\"(max-width: 700px) 100vw, 700px\" \/>\t\t\t\t\t\t\t\t\t\t\t\t\t\t<\/div>\n\t\t\t\t\t\t<\/div>\n\t\t\t\t<\/div>\n\t\t\t\t\t\t<\/div>\n\t\t\t\t\t<\/div>\n\t\t<\/div>\n\t\t\t\t\t\t\t\t<\/div>\n\t\t\t\t\t<\/div>\n\t\t<\/section>\n\t\t\t\t<section class=\"elementor-section elementor-top-section elementor-element elementor-element-ca6db0a elementor-section-boxed elementor-section-height-default elementor-section-height-default\" data-id=\"ca6db0a\" data-element_type=\"section\">\n\t\t\t\t\t\t<div class=\"elementor-container elementor-column-gap-default\">\n\t\t\t\t\t\t\t<div class=\"elementor-row\">\n\t\t\t\t\t<div class=\"elementor-column elementor-col-100 elementor-top-column elementor-element elementor-element-c4a1e79\" data-id=\"c4a1e79\" data-element_type=\"column\">\n\t\t\t<div class=\"elementor-column-wrap elementor-element-populated\">\n\t\t\t\t\t\t\t<div class=\"elementor-widget-wrap\">\n\t\t\t\t\t\t<div class=\"elementor-element elementor-element-922217f elementor-widget elementor-widget-image\" data-id=\"922217f\" data-element_type=\"widget\" data-widget_type=\"image.default\">\n\t\t\t\t<div class=\"elementor-widget-container\">\n\t\t\t\t\t\t\t\t<div class=\"elementor-image\">\n\t\t\t\t\t\t\t\t\t\t\t\t<img width=\"700\" height=\"525\" src=\"https:\/\/www.zoldagvendegszeretet.hu\/wp-content\/uploads\/2025\/08\/DSCN1002-1024x768.jpg\" class=\"attachment-large size-large\" alt=\"\" loading=\"lazy\" srcset=\"https:\/\/www.zoldagvendegszeretet.hu\/wp-content\/uploads\/2025\/08\/DSCN1002-1024x768.jpg 1024w, https:\/\/www.zoldagvendegszeretet.hu\/wp-content\/uploads\/2025\/08\/DSCN1002-300x225.jpg 300w, https:\/\/www.zoldagvendegszeretet.hu\/wp-content\/uploads\/2025\/08\/DSCN1002-768x576.jpg 768w, https:\/\/www.zoldagvendegszeretet.hu\/wp-content\/uploads\/2025\/08\/DSCN1002-1536x1152.jpg 1536w, https:\/\/www.zoldagvendegszeretet.hu\/wp-content\/uploads\/2025\/08\/DSCN1002.jpg 1600w\" sizes=\"(max-width: 700px) 100vw, 700px\" \/>\t\t\t\t\t\t\t\t\t\t\t\t\t\t<\/div>\n\t\t\t\t\t\t<\/div>\n\t\t\t\t<\/div>\n\t\t\t\t\t\t<\/div>\n\t\t\t\t\t<\/div>\n\t\t<\/div>\n\t\t\t\t\t\t\t\t<\/div>\n\t\t\t\t\t<\/div>\n\t\t<\/section>\n\t\t\t\t<section class=\"elementor-section elementor-top-section elementor-element elementor-element-b907482 elementor-section-boxed elementor-section-height-default elementor-section-height-default\" data-id=\"b907482\" data-element_type=\"section\">\n\t\t\t\t\t\t<div class=\"elementor-container elementor-column-gap-default\">\n\t\t\t\t\t\t\t<div class=\"elementor-row\">\n\t\t\t\t\t<div class=\"elementor-column elementor-col-100 elementor-top-column elementor-element elementor-element-56ecf1c\" data-id=\"56ecf1c\" data-element_type=\"column\">\n\t\t\t<div class=\"elementor-column-wrap elementor-element-populated\">\n\t\t\t\t\t\t\t<div class=\"elementor-widget-wrap\">\n\t\t\t\t\t\t<div class=\"elementor-element elementor-element-b677b60 elementor-widget elementor-widget-image\" data-id=\"b677b60\" data-element_type=\"widget\" data-widget_type=\"image.default\">\n\t\t\t\t<div class=\"elementor-widget-container\">\n\t\t\t\t\t\t\t\t<div class=\"elementor-image\">\n\t\t\t\t\t\t\t\t\t\t\t\t<img width=\"700\" height=\"525\" src=\"https:\/\/www.zoldagvendegszeretet.hu\/wp-content\/uploads\/2025\/08\/DSCN1004-1024x768.jpg\" class=\"attachment-large size-large\" alt=\"\" loading=\"lazy\" srcset=\"https:\/\/www.zoldagvendegszeretet.hu\/wp-content\/uploads\/2025\/08\/DSCN1004-1024x768.jpg 1024w, https:\/\/www.zoldagvendegszeretet.hu\/wp-content\/uploads\/2025\/08\/DSCN1004-300x225.jpg 300w, https:\/\/www.zoldagvendegszeretet.hu\/wp-content\/uploads\/2025\/08\/DSCN1004-768x576.jpg 768w, https:\/\/www.zoldagvendegszeretet.hu\/wp-content\/uploads\/2025\/08\/DSCN1004-1536x1152.jpg 1536w, https:\/\/www.zoldagvendegszeretet.hu\/wp-content\/uploads\/2025\/08\/DSCN1004.jpg 1600w\" sizes=\"(max-width: 700px) 100vw, 700px\" \/>\t\t\t\t\t\t\t\t\t\t\t\t\t\t<\/div>\n\t\t\t\t\t\t<\/div>\n\t\t\t\t<\/div>\n\t\t\t\t\t\t<\/div>\n\t\t\t\t\t<\/div>\n\t\t<\/div>\n\t\t\t\t\t\t\t\t<\/div>\n\t\t\t\t\t<\/div>\n\t\t<\/section>\n\t\t\t\t<section class=\"elementor-section elementor-top-section elementor-element elementor-element-d0d4431 elementor-section-boxed elementor-section-height-default elementor-section-height-default\" data-id=\"d0d4431\" data-element_type=\"section\">\n\t\t\t\t\t\t<div class=\"elementor-container elementor-column-gap-default\">\n\t\t\t\t\t\t\t<div class=\"elementor-row\">\n\t\t\t\t\t<div class=\"elementor-column elementor-col-100 elementor-top-column elementor-element elementor-element-2220b35\" data-id=\"2220b35\" data-element_type=\"column\">\n\t\t\t<div class=\"elementor-column-wrap elementor-element-populated\">\n\t\t\t\t\t\t\t<div class=\"elementor-widget-wrap\">\n\t\t\t\t\t\t<div class=\"elementor-element elementor-element-324fbda elementor-widget elementor-widget-text-editor\" data-id=\"324fbda\" data-element_type=\"widget\" data-widget_type=\"text-editor.default\">\n\t\t\t\t<div class=\"elementor-widget-container\">\n\t\t\t\t\t\t\t\t<div class=\"elementor-text-editor elementor-clearfix\">\n\t\t\t\t<p>Szer\u00e9ny k\u00f6r\u00fclm\u00e9nyek k\u00f6z\u00f6tt eml\u00e9keztek a Z\u00d6LD\u00c1G HAGYOM\u00c1NY\u0150RZ\u0150 SZAKK\u00d6R tagjai Szeny\u00e9ri J\u00e1nos \u00e9s fia &#8211; Szeny\u00e9ri D\u00e1niel &#8211; teker\u0151s\u00f6kre.\u00a0<br \/><br \/>A koszor\u00faz\u00e1sos tal\u00e1lkoz\u00f3n reszt vett Magyar Istv\u00e1nn\u00e9 L\u00e1szl\u00f3 Etelka is ,akinek id. L\u00e1szl\u00f3 Istv\u00e1n (1879-1932) \u00e9s ifj. L\u00e1szl\u00f3 Istv\u00e1n (1909-1985)\u00a0 csal\u00e1dtagjai is szerepelnek Hank\u00f3 Gy\u00f6rgyn\u00e9 Paksi M\u00e1rta: Szentes\u00a0 \u00e9s k\u00f6rny\u00e9ke n\u00e9pzen\u00e9je \u00e9s n\u00e9pt\u00e1nca a XX. sz\u00e1zadban c, k\u00f6nyv 131. oldal\u00e1n. Cs\u00fafnev\u00fck &#8222;teker\u0151s csal\u00e1d&#8221; volt.\u00a0<br \/>Etelka n\u00e9ni nem tudja mikor \u00e9s\u00a0 ki k\u00e9sz\u00edtette a teker\u0151iket. Azt sem ismert \u00e1ltala, hogy mikor \u00e9s kihez ker\u00fcltek a teker\u0151k az egykori\u00a0 teker\u0151s csal\u00e1d tagjait\u00f3l. Sajnos apja \u00e9s nagyapja hal\u00e1la \u00f3ta nem teker\u0151zik m\u00e1r senki sem a csal\u00e1djukban..\u00a0<\/p>\t\t\t\t\t<\/div>\n\t\t\t\t\t\t<\/div>\n\t\t\t\t<\/div>\n\t\t\t\t\t\t<\/div>\n\t\t\t\t\t<\/div>\n\t\t<\/div>\n\t\t\t\t\t\t\t\t<\/div>\n\t\t\t\t\t<\/div>\n\t\t<\/section>\n\t\t\t\t\t\t<\/div>\n\t\t\t\t\t\t<\/div>\n\t\t\t\t\t<\/div>\n\t\t","protected":false},"excerpt":{"rendered":"<p>Szer\u00e9ny k\u00f6r\u00fclm\u00e9nyek k\u00f6z\u00f6tt eml\u00e9keztek a Z\u00d6LD\u00c1G HAGYOM\u00c1NY\u0150RZ\u0150 SZAKK\u00d6R tagjai Szeny\u00e9ri J\u00e1nos \u00e9s fia &#8211; Szeny\u00e9ri D\u00e1niel &#8211; teker\u0151s\u00f6kre.\u00a0 A koszor\u00faz\u00e1sos tal\u00e1lkoz\u00f3n reszt vett Magyar Istv\u00e1nn\u00e9 L\u00e1szl\u00f3 Etelka is ,akinek id. L\u00e1szl\u00f3 Istv\u00e1n (1879-1932) \u00e9s ifj. L\u00e1szl\u00f3 Istv\u00e1n (1909-1985)\u00a0 csal\u00e1dtagjai is&hellip; <\/p>\n","protected":false},"author":1,"featured_media":0,"parent":0,"menu_order":0,"comment_status":"closed","ping_status":"closed","template":"","meta":[],"_links":{"self":[{"href":"https:\/\/www.zoldagvendegszeretet.hu\/index.php?rest_route=\/wp\/v2\/pages\/5226"}],"collection":[{"href":"https:\/\/www.zoldagvendegszeretet.hu\/index.php?rest_route=\/wp\/v2\/pages"}],"about":[{"href":"https:\/\/www.zoldagvendegszeretet.hu\/index.php?rest_route=\/wp\/v2\/types\/page"}],"author":[{"embeddable":true,"href":"https:\/\/www.zoldagvendegszeretet.hu\/index.php?rest_route=\/wp\/v2\/users\/1"}],"replies":[{"embeddable":true,"href":"https:\/\/www.zoldagvendegszeretet.hu\/index.php?rest_route=%2Fwp%2Fv2%2Fcomments&post=5226"}],"version-history":[{"count":4,"href":"https:\/\/www.zoldagvendegszeretet.hu\/index.php?rest_route=\/wp\/v2\/pages\/5226\/revisions"}],"predecessor-version":[{"id":5239,"href":"https:\/\/www.zoldagvendegszeretet.hu\/index.php?rest_route=\/wp\/v2\/pages\/5226\/revisions\/5239"}],"wp:attachment":[{"href":"https:\/\/www.zoldagvendegszeretet.hu\/index.php?rest_route=%2Fwp%2Fv2%2Fmedia&parent=5226"}],"curies":[{"name":"wp","href":"https:\/\/api.w.org\/{rel}","templated":true}]}}