{"id":2606,"date":"2021-03-06T12:37:46","date_gmt":"2021-03-06T12:37:46","guid":{"rendered":"https:\/\/www.zoldagvendegszeretet.hu\/?page_id=2606"},"modified":"2021-03-06T12:44:43","modified_gmt":"2021-03-06T12:44:43","slug":"mojszejevet-masert-tiszteljuk","status":"publish","type":"page","link":"https:\/\/www.zoldagvendegszeretet.hu\/?page_id=2606","title":{"rendered":"Mojszejevet m\u00e1s\u00e9rt tisztelj\u00fck"},"content":{"rendered":"\t\t<div data-elementor-type=\"wp-page\" data-elementor-id=\"2606\" class=\"elementor elementor-2606\" data-elementor-settings=\"[]\">\n\t\t\t\t\t\t<div class=\"elementor-inner\">\n\t\t\t\t\t\t\t<div class=\"elementor-section-wrap\">\n\t\t\t\t\t\t\t<section class=\"elementor-section elementor-top-section elementor-element elementor-element-3f3b877 elementor-section-boxed elementor-section-height-default elementor-section-height-default\" data-id=\"3f3b877\" data-element_type=\"section\">\n\t\t\t\t\t\t<div class=\"elementor-container elementor-column-gap-default\">\n\t\t\t\t\t\t\t<div class=\"elementor-row\">\n\t\t\t\t\t<div class=\"elementor-column elementor-col-100 elementor-top-column elementor-element elementor-element-18dbdac\" data-id=\"18dbdac\" data-element_type=\"column\">\n\t\t\t<div class=\"elementor-column-wrap elementor-element-populated\">\n\t\t\t\t\t\t\t<div class=\"elementor-widget-wrap\">\n\t\t\t\t\t\t<div class=\"elementor-element elementor-element-310173f elementor-widget elementor-widget-text-editor\" data-id=\"310173f\" data-element_type=\"widget\" data-widget_type=\"text-editor.default\">\n\t\t\t\t<div class=\"elementor-widget-container\">\n\t\t\t\t\t\t\t\t<div class=\"elementor-text-editor elementor-clearfix\">\n\t\t\t\t<p>Ma\u00e1cz L\u00e1szl\u00f3 &#8211; (Endr\u0151d, 1929. 10. 30. &#8211; Bp. 1998. 04. 17.) szak\u00edr\u00f3, n\u00e9pt\u00e1ncos, n\u00e9prajzi gy\u0171jt\u0151, T\u00e1ncm\u0171v\u00e9szet foly\u00f3irat szerkeszt\u0151je 1976-1990 k\u00f6z\u00f6tt -, Szentesen 1946-1948 k\u00f6z\u00f6tt a Horv\u00e1th Mih\u00e1ly Gimn\u00e1zium \u00e9s a T\u00e1ncsics Mih\u00e1ly N\u00e9pi Koll\u00e9gium egyik&nbsp; kiv\u00e1l\u00f3 di\u00e1kja volt. A nagy tud\u00e1ssal, elv\u00e1r\u00e1sokkal \u00e9s a n\u00e9pm\u0171v\u00e9szet ir\u00e1nti elhivatotts\u00e1ggal b\u00edr\u00f3 t\u00e1ncfolkl\u00f3rista hal\u00e1l\u00e1nak k\u00f6zelg\u0151 negyed sz\u00e1zados \u00e9vfordul\u00f3ja alkalm\u00e1b\u00f3l a T\u00c1NCM\u0170V\u00c9SZET 1988\/2. sz\u00e1m\u00e1ban a 24-27. oldalakon megjelent <b>Mojszejevet m\u00e1s\u00e9rt tisztelj\u00fck<\/b> c\u00edm\u0171&nbsp; \u00edr\u00e1s\u00e1t tessz\u00fck k\u00f6zz\u00e9.<\/p>\t\t\t\t\t<\/div>\n\t\t\t\t\t\t<\/div>\n\t\t\t\t<\/div>\n\t\t\t\t\t\t<\/div>\n\t\t\t\t\t<\/div>\n\t\t<\/div>\n\t\t\t\t\t\t\t\t<\/div>\n\t\t\t\t\t<\/div>\n\t\t<\/section>\n\t\t\t\t<section class=\"elementor-section elementor-top-section elementor-element elementor-element-a06bcd5 elementor-section-boxed elementor-section-height-default elementor-section-height-default\" data-id=\"a06bcd5\" data-element_type=\"section\">\n\t\t\t\t\t\t<div class=\"elementor-container elementor-column-gap-default\">\n\t\t\t\t\t\t\t<div class=\"elementor-row\">\n\t\t\t\t\t<div class=\"elementor-column elementor-col-100 elementor-top-column elementor-element elementor-element-36ce31e\" data-id=\"36ce31e\" data-element_type=\"column\">\n\t\t\t<div class=\"elementor-column-wrap elementor-element-populated\">\n\t\t\t\t\t\t\t<div class=\"elementor-widget-wrap\">\n\t\t\t\t\t\t<div class=\"elementor-element elementor-element-89ad86a elementor-widget elementor-widget-image\" data-id=\"89ad86a\" data-element_type=\"widget\" data-widget_type=\"image.default\">\n\t\t\t\t<div class=\"elementor-widget-container\">\n\t\t\t\t\t\t\t\t<div class=\"elementor-image\">\n\t\t\t\t\t\t\t\t\t\t\t\t<img width=\"700\" height=\"607\" src=\"https:\/\/www.zoldagvendegszeretet.hu\/wp-content\/uploads\/2021\/03\/Mojszejev1-vagva-1024x888.jpg\" class=\"attachment-large size-large\" alt=\"\" loading=\"lazy\" srcset=\"https:\/\/www.zoldagvendegszeretet.hu\/wp-content\/uploads\/2021\/03\/Mojszejev1-vagva-1024x888.jpg 1024w, https:\/\/www.zoldagvendegszeretet.hu\/wp-content\/uploads\/2021\/03\/Mojszejev1-vagva-300x260.jpg 300w, https:\/\/www.zoldagvendegszeretet.hu\/wp-content\/uploads\/2021\/03\/Mojszejev1-vagva-768x666.jpg 768w, https:\/\/www.zoldagvendegszeretet.hu\/wp-content\/uploads\/2021\/03\/Mojszejev1-vagva.jpg 1141w\" sizes=\"(max-width: 700px) 100vw, 700px\" \/>\t\t\t\t\t\t\t\t\t\t\t\t\t\t<\/div>\n\t\t\t\t\t\t<\/div>\n\t\t\t\t<\/div>\n\t\t\t\t\t\t<\/div>\n\t\t\t\t\t<\/div>\n\t\t<\/div>\n\t\t\t\t\t\t\t\t<\/div>\n\t\t\t\t\t<\/div>\n\t\t<\/section>\n\t\t\t\t<section class=\"elementor-section elementor-top-section elementor-element elementor-element-3224013 elementor-section-boxed elementor-section-height-default elementor-section-height-default\" data-id=\"3224013\" data-element_type=\"section\">\n\t\t\t\t\t\t<div class=\"elementor-container elementor-column-gap-default\">\n\t\t\t\t\t\t\t<div class=\"elementor-row\">\n\t\t\t\t\t<div class=\"elementor-column elementor-col-100 elementor-top-column elementor-element elementor-element-03e8fc1\" data-id=\"03e8fc1\" data-element_type=\"column\">\n\t\t\t<div class=\"elementor-column-wrap elementor-element-populated\">\n\t\t\t\t\t\t\t<div class=\"elementor-widget-wrap\">\n\t\t\t\t\t\t<div class=\"elementor-element elementor-element-2d96d89 elementor-widget elementor-widget-image\" data-id=\"2d96d89\" data-element_type=\"widget\" data-widget_type=\"image.default\">\n\t\t\t\t<div class=\"elementor-widget-container\">\n\t\t\t\t\t\t\t\t<div class=\"elementor-image\">\n\t\t\t\t\t\t\t\t\t\t\t\t<img width=\"700\" height=\"953\" src=\"https:\/\/www.zoldagvendegszeretet.hu\/wp-content\/uploads\/2021\/03\/Mojszejev2-vagva-752x1024.jpg\" class=\"attachment-large size-large\" alt=\"\" loading=\"lazy\" srcset=\"https:\/\/www.zoldagvendegszeretet.hu\/wp-content\/uploads\/2021\/03\/Mojszejev2-vagva-752x1024.jpg 752w, https:\/\/www.zoldagvendegszeretet.hu\/wp-content\/uploads\/2021\/03\/Mojszejev2-vagva-220x300.jpg 220w, https:\/\/www.zoldagvendegszeretet.hu\/wp-content\/uploads\/2021\/03\/Mojszejev2-vagva-768x1045.jpg 768w, https:\/\/www.zoldagvendegszeretet.hu\/wp-content\/uploads\/2021\/03\/Mojszejev2-vagva-1129x1536.jpg 1129w, https:\/\/www.zoldagvendegszeretet.hu\/wp-content\/uploads\/2021\/03\/Mojszejev2-vagva.jpg 1285w\" sizes=\"(max-width: 700px) 100vw, 700px\" \/>\t\t\t\t\t\t\t\t\t\t\t\t\t\t<\/div>\n\t\t\t\t\t\t<\/div>\n\t\t\t\t<\/div>\n\t\t\t\t\t\t<\/div>\n\t\t\t\t\t<\/div>\n\t\t<\/div>\n\t\t\t\t\t\t\t\t<\/div>\n\t\t\t\t\t<\/div>\n\t\t<\/section>\n\t\t\t\t<section class=\"elementor-section elementor-top-section elementor-element elementor-element-d5343f5 elementor-section-boxed elementor-section-height-default elementor-section-height-default\" data-id=\"d5343f5\" data-element_type=\"section\">\n\t\t\t\t\t\t<div class=\"elementor-container elementor-column-gap-default\">\n\t\t\t\t\t\t\t<div class=\"elementor-row\">\n\t\t\t\t\t<div class=\"elementor-column elementor-col-100 elementor-top-column elementor-element elementor-element-85034e9\" data-id=\"85034e9\" data-element_type=\"column\">\n\t\t\t<div class=\"elementor-column-wrap elementor-element-populated\">\n\t\t\t\t\t\t\t<div class=\"elementor-widget-wrap\">\n\t\t\t\t\t\t<div class=\"elementor-element elementor-element-0e08070 elementor-widget elementor-widget-image\" data-id=\"0e08070\" data-element_type=\"widget\" data-widget_type=\"image.default\">\n\t\t\t\t<div class=\"elementor-widget-container\">\n\t\t\t\t\t\t\t\t<div class=\"elementor-image\">\n\t\t\t\t\t\t\t\t\t\t\t\t<img width=\"700\" height=\"961\" src=\"https:\/\/www.zoldagvendegszeretet.hu\/wp-content\/uploads\/2021\/03\/Mojszejev3vagva-746x1024.jpg\" class=\"attachment-large size-large\" alt=\"\" loading=\"lazy\" srcset=\"https:\/\/www.zoldagvendegszeretet.hu\/wp-content\/uploads\/2021\/03\/Mojszejev3vagva-746x1024.jpg 746w, https:\/\/www.zoldagvendegszeretet.hu\/wp-content\/uploads\/2021\/03\/Mojszejev3vagva-219x300.jpg 219w, https:\/\/www.zoldagvendegszeretet.hu\/wp-content\/uploads\/2021\/03\/Mojszejev3vagva-768x1054.jpg 768w, https:\/\/www.zoldagvendegszeretet.hu\/wp-content\/uploads\/2021\/03\/Mojszejev3vagva-1120x1536.jpg 1120w, https:\/\/www.zoldagvendegszeretet.hu\/wp-content\/uploads\/2021\/03\/Mojszejev3vagva.jpg 1269w\" sizes=\"(max-width: 700px) 100vw, 700px\" \/>\t\t\t\t\t\t\t\t\t\t\t\t\t\t<\/div>\n\t\t\t\t\t\t<\/div>\n\t\t\t\t<\/div>\n\t\t\t\t\t\t<\/div>\n\t\t\t\t\t<\/div>\n\t\t<\/div>\n\t\t\t\t\t\t\t\t<\/div>\n\t\t\t\t\t<\/div>\n\t\t<\/section>\n\t\t\t\t<section class=\"elementor-section elementor-top-section elementor-element elementor-element-152a6c5 elementor-section-boxed elementor-section-height-default elementor-section-height-default\" data-id=\"152a6c5\" data-element_type=\"section\">\n\t\t\t\t\t\t<div class=\"elementor-container elementor-column-gap-default\">\n\t\t\t\t\t\t\t<div class=\"elementor-row\">\n\t\t\t\t\t<div class=\"elementor-column elementor-col-100 elementor-top-column elementor-element elementor-element-94eb492\" data-id=\"94eb492\" data-element_type=\"column\">\n\t\t\t<div class=\"elementor-column-wrap elementor-element-populated\">\n\t\t\t\t\t\t\t<div class=\"elementor-widget-wrap\">\n\t\t\t\t\t\t<div class=\"elementor-element elementor-element-9718a9f elementor-widget elementor-widget-image\" data-id=\"9718a9f\" data-element_type=\"widget\" data-widget_type=\"image.default\">\n\t\t\t\t<div class=\"elementor-widget-container\">\n\t\t\t\t\t\t\t\t<div class=\"elementor-image\">\n\t\t\t\t\t\t\t\t\t\t\t\t<img width=\"700\" height=\"721\" src=\"https:\/\/www.zoldagvendegszeretet.hu\/wp-content\/uploads\/2021\/03\/Mojszejev4vagva-994x1024.jpg\" class=\"attachment-large size-large\" alt=\"\" loading=\"lazy\" srcset=\"https:\/\/www.zoldagvendegszeretet.hu\/wp-content\/uploads\/2021\/03\/Mojszejev4vagva-994x1024.jpg 994w, https:\/\/www.zoldagvendegszeretet.hu\/wp-content\/uploads\/2021\/03\/Mojszejev4vagva-291x300.jpg 291w, https:\/\/www.zoldagvendegszeretet.hu\/wp-content\/uploads\/2021\/03\/Mojszejev4vagva-768x791.jpg 768w, https:\/\/www.zoldagvendegszeretet.hu\/wp-content\/uploads\/2021\/03\/Mojszejev4vagva.jpg 1077w\" sizes=\"(max-width: 700px) 100vw, 700px\" \/>\t\t\t\t\t\t\t\t\t\t\t\t\t\t<\/div>\n\t\t\t\t\t\t<\/div>\n\t\t\t\t<\/div>\n\t\t\t\t\t\t<\/div>\n\t\t\t\t\t<\/div>\n\t\t<\/div>\n\t\t\t\t\t\t\t\t<\/div>\n\t\t\t\t\t<\/div>\n\t\t<\/section>\n\t\t\t\t\t\t<\/div>\n\t\t\t\t\t\t<\/div>\n\t\t\t\t\t<\/div>\n\t\t","protected":false},"excerpt":{"rendered":"<p>Ma\u00e1cz L\u00e1szl\u00f3 &#8211; (Endr\u0151d, 1929. 10. 30. &#8211; Bp. 1998. 04. 17.) szak\u00edr\u00f3, n\u00e9pt\u00e1ncos, n\u00e9prajzi gy\u0171jt\u0151, T\u00e1ncm\u0171v\u00e9szet foly\u00f3irat szerkeszt\u0151je 1976-1990 k\u00f6z\u00f6tt -, Szentesen 1946-1948 k\u00f6z\u00f6tt a Horv\u00e1th Mih\u00e1ly Gimn\u00e1zium \u00e9s a T\u00e1ncsics Mih\u00e1ly N\u00e9pi Koll\u00e9gium egyik&nbsp; kiv\u00e1l\u00f3 di\u00e1kja volt. A&hellip; <\/p>\n","protected":false},"author":1,"featured_media":0,"parent":0,"menu_order":0,"comment_status":"closed","ping_status":"closed","template":"","meta":[],"_links":{"self":[{"href":"https:\/\/www.zoldagvendegszeretet.hu\/index.php?rest_route=\/wp\/v2\/pages\/2606"}],"collection":[{"href":"https:\/\/www.zoldagvendegszeretet.hu\/index.php?rest_route=\/wp\/v2\/pages"}],"about":[{"href":"https:\/\/www.zoldagvendegszeretet.hu\/index.php?rest_route=\/wp\/v2\/types\/page"}],"author":[{"embeddable":true,"href":"https:\/\/www.zoldagvendegszeretet.hu\/index.php?rest_route=\/wp\/v2\/users\/1"}],"replies":[{"embeddable":true,"href":"https:\/\/www.zoldagvendegszeretet.hu\/index.php?rest_route=%2Fwp%2Fv2%2Fcomments&post=2606"}],"version-history":[{"count":9,"href":"https:\/\/www.zoldagvendegszeretet.hu\/index.php?rest_route=\/wp\/v2\/pages\/2606\/revisions"}],"predecessor-version":[{"id":2621,"href":"https:\/\/www.zoldagvendegszeretet.hu\/index.php?rest_route=\/wp\/v2\/pages\/2606\/revisions\/2621"}],"wp:attachment":[{"href":"https:\/\/www.zoldagvendegszeretet.hu\/index.php?rest_route=%2Fwp%2Fv2%2Fmedia&parent=2606"}],"curies":[{"name":"wp","href":"https:\/\/api.w.org\/{rel}","templated":true}]}}