{"id":1632,"date":"2020-12-02T17:21:13","date_gmt":"2020-12-02T17:21:13","guid":{"rendered":"http:\/\/localhost\/wordpress\/?page_id=1632"},"modified":"2020-12-05T10:22:26","modified_gmt":"2020-12-05T10:22:26","slug":"balazs-andras-halalozasanak-20-evfordulojan-2012-ben","status":"publish","type":"page","link":"https:\/\/www.zoldagvendegszeretet.hu\/?page_id=1632","title":{"rendered":"Bal\u00e1zs Andr\u00e1s hal\u00e1loz\u00e1s\u00e1nak 20. \u00e9vfordul\u00f3j\u00e1n 2012-ben&#8230;"},"content":{"rendered":"\t\t<div data-elementor-type=\"wp-page\" data-elementor-id=\"1632\" class=\"elementor elementor-1632\" data-elementor-settings=\"[]\">\n\t\t\t\t\t\t<div class=\"elementor-inner\">\n\t\t\t\t\t\t\t<div class=\"elementor-section-wrap\">\n\t\t\t\t\t\t\t<section class=\"elementor-section elementor-top-section elementor-element elementor-element-258ae9d elementor-section-boxed elementor-section-height-default elementor-section-height-default\" data-id=\"258ae9d\" data-element_type=\"section\">\n\t\t\t\t\t\t<div class=\"elementor-container elementor-column-gap-default\">\n\t\t\t\t\t\t\t<div class=\"elementor-row\">\n\t\t\t\t\t<div class=\"elementor-column elementor-col-100 elementor-top-column elementor-element elementor-element-98259be\" data-id=\"98259be\" data-element_type=\"column\">\n\t\t\t<div class=\"elementor-column-wrap elementor-element-populated\">\n\t\t\t\t\t\t\t<div class=\"elementor-widget-wrap\">\n\t\t\t\t\t\t<div class=\"elementor-element elementor-element-8771967 elementor-widget elementor-widget-text-editor\" data-id=\"8771967\" data-element_type=\"widget\" data-widget_type=\"text-editor.default\">\n\t\t\t\t<div class=\"elementor-widget-container\">\n\t\t\t\t\t\t\t\t<div class=\"elementor-text-editor elementor-clearfix\">\n\t\t\t\t<p>2012. 05. 16-\u00e1n elk\u00e9sz\u00fclt az \u00c9VSZAKOK c. magazin m\u0171sor m\u00e1jusi sz\u00e1ma a Civil Tv-ben.<br \/>Kb. 38 perc lett. M\u00e1jus 18-20 k\u00f6z\u00f6tt vet\u00edtik. www.civiltv.hu<br \/><br \/>A m\u0171sor f\u0151 r\u00e9sz\u00e9ben Bal\u00e1zs \u00c1rp\u00e1d zeneszerz\u0151 \u00e9s Dr. Bal\u00e1zs Endre geol\u00f3gus \u00e9desapj\u00e1ra, Bal\u00e1zs Andr\u00e1sra eml\u00e9kezt\u00fcnk.<br \/>A megh\u00edvott vend\u00e9gek B\u00e1cskain\u00e9 Erzsike n\u00e9ni, B\u00e1nyai J\u00e1nos \u00e9s Olty\u00e1n Lajos voltak. <br \/>Bal\u00e1zs Andr\u00e1s 1913-1992 k\u00f6z\u00f6tt \u00e9lt k\u00e1ntortan\u00edt\u00f3, \u00e9nek-f\u00f6ldrajz szakos tan\u00e1r, karnagy, kert\u00e9sz&#8230;, nagy tud\u00e1s\u00fa, szer\u00e9ny, mindenki \u00e1ltal szeretett, \u00e1m hat\u00e1rozott v\u00e9lem\u00e9nnyel b\u00edr\u00f3 ember,\u00a0 &#8222;L\u00e1mp\u00e1s&#8221;&#8230; volt.<br \/>\u00c9desapja az I. vh.-b\u00f3l nem t\u00e9rt haza&#8230; T\u00f6megs\u00edrban nyugszik valahol a K\u00e1rp\u00e1tokban. &#8230;<br \/><br \/>\u00a0A De\u00e1k Ferenc \u00c1ltal\u00e1nos Iskola 1974-ben nyugd\u00edjba vonult tan\u00e1r\u00e1ra, sokak oszt\u00e1lyf\u0151n\u00f6k\u00e9re, bar\u00e1tj\u00e1ra, k\u00f3rusvezet\u0151j\u00e9re<br \/>Pedag\u00f3gusnapon, 2012. j\u00fanius 3-\u00e1n 10 \u00f3rakor a szentesi K\u00e1lv\u00e1ria temet\u0151ben lev\u0151 nyughely\u00e9n\u00e9l eml\u00e9kez\u00fcnk<br \/>hal\u00e1la 20. \u00e9v\u00e9ben. Tisztelettel h\u00edvunk \u00e9s v\u00e1runk mindenkit!<br \/>Hank\u00f3 Gy\u00f6rgyn\u00e9<br \/>m\u0171sorvezet\u0151 szerkeszt\u0151<br \/><br \/>A Szentesi Mozaik tud\u00f3s\u00edt\u00e1sa a megeml\u00e9kez\u00e9sr\u0151l, melyen r\u00e9szt vettek csal\u00e1dj\u00e1b\u00f3l\u00a0 fiai, menye: \u00c1gnes \u00e9s egyik unok\u00e1ja \u00c1d\u00e1m is.<br \/>http:\/\/www.szentesinfo.hu\/mozaik\/2012\/6\/bal.htm<\/p>\t\t\t\t\t<\/div>\n\t\t\t\t\t\t<\/div>\n\t\t\t\t<\/div>\n\t\t\t\t\t\t<\/div>\n\t\t\t\t\t<\/div>\n\t\t<\/div>\n\t\t\t\t\t\t\t\t<\/div>\n\t\t\t\t\t<\/div>\n\t\t<\/section>\n\t\t\t\t\t\t<\/div>\n\t\t\t\t\t\t<\/div>\n\t\t\t\t\t<\/div>\n\t\t","protected":false},"excerpt":{"rendered":"<p>2012. 05. 16-\u00e1n elk\u00e9sz\u00fclt az \u00c9VSZAKOK c. magazin m\u0171sor m\u00e1jusi sz\u00e1ma a Civil Tv-ben. Kb. 38 perc lett. M\u00e1jus 18-20 k\u00f6z\u00f6tt vet\u00edtik. www.civiltv.hu A m\u0171sor f\u0151 r\u00e9sz\u00e9ben Bal\u00e1zs \u00c1rp\u00e1d zeneszerz\u0151 \u00e9s Dr. Bal\u00e1zs Endre geol\u00f3gus \u00e9desapj\u00e1ra, Bal\u00e1zs Andr\u00e1sra eml\u00e9kezt\u00fcnk. A&hellip; <\/p>\n","protected":false},"author":1,"featured_media":0,"parent":0,"menu_order":0,"comment_status":"closed","ping_status":"closed","template":"","meta":[],"_links":{"self":[{"href":"https:\/\/www.zoldagvendegszeretet.hu\/index.php?rest_route=\/wp\/v2\/pages\/1632"}],"collection":[{"href":"https:\/\/www.zoldagvendegszeretet.hu\/index.php?rest_route=\/wp\/v2\/pages"}],"about":[{"href":"https:\/\/www.zoldagvendegszeretet.hu\/index.php?rest_route=\/wp\/v2\/types\/page"}],"author":[{"embeddable":true,"href":"https:\/\/www.zoldagvendegszeretet.hu\/index.php?rest_route=\/wp\/v2\/users\/1"}],"replies":[{"embeddable":true,"href":"https:\/\/www.zoldagvendegszeretet.hu\/index.php?rest_route=%2Fwp%2Fv2%2Fcomments&post=1632"}],"version-history":[{"count":4,"href":"https:\/\/www.zoldagvendegszeretet.hu\/index.php?rest_route=\/wp\/v2\/pages\/1632\/revisions"}],"predecessor-version":[{"id":2066,"href":"https:\/\/www.zoldagvendegszeretet.hu\/index.php?rest_route=\/wp\/v2\/pages\/1632\/revisions\/2066"}],"wp:attachment":[{"href":"https:\/\/www.zoldagvendegszeretet.hu\/index.php?rest_route=%2Fwp%2Fv2%2Fmedia&parent=1632"}],"curies":[{"name":"wp","href":"https:\/\/api.w.org\/{rel}","templated":true}]}}