{"id":1466,"date":"2020-12-01T17:52:31","date_gmt":"2020-12-01T17:52:31","guid":{"rendered":"http:\/\/localhost\/wordpress\/?page_id=1466"},"modified":"2023-01-11T08:02:14","modified_gmt":"2023-01-11T08:02:14","slug":"jasz-kende-andras-2019-06-15-i-ballagasa","status":"publish","type":"page","link":"https:\/\/www.zoldagvendegszeretet.hu\/?page_id=1466","title":{"rendered":"J\u00e1sz Kende Andr\u00e1s 2019. 06. 15-i ballag\u00e1sa"},"content":{"rendered":"\t\t<div data-elementor-type=\"wp-page\" data-elementor-id=\"1466\" class=\"elementor elementor-1466\" data-elementor-settings=\"[]\">\n\t\t\t\t\t\t<div class=\"elementor-inner\">\n\t\t\t\t\t\t\t<div class=\"elementor-section-wrap\">\n\t\t\t\t\t\t\t<section class=\"elementor-section elementor-top-section elementor-element elementor-element-42c3b03 elementor-section-boxed elementor-section-height-default elementor-section-height-default\" data-id=\"42c3b03\" data-element_type=\"section\">\n\t\t\t\t\t\t<div class=\"elementor-container elementor-column-gap-default\">\n\t\t\t\t\t\t\t<div class=\"elementor-row\">\n\t\t\t\t\t<div class=\"elementor-column elementor-col-100 elementor-top-column elementor-element elementor-element-0a70115\" data-id=\"0a70115\" data-element_type=\"column\">\n\t\t\t<div class=\"elementor-column-wrap elementor-element-populated\">\n\t\t\t\t\t\t\t<div class=\"elementor-widget-wrap\">\n\t\t\t\t\t\t<div class=\"elementor-element elementor-element-a41268a elementor-widget elementor-widget-text-editor\" data-id=\"a41268a\" data-element_type=\"widget\" data-widget_type=\"text-editor.default\">\n\t\t\t\t<div class=\"elementor-widget-container\">\n\t\t\t\t\t\t\t\t<div class=\"elementor-text-editor elementor-clearfix\">\n\t\t\t\t<p>J\u00e1sz Kende Andr\u00e1s 2010. okt\u00f3ber\u00e9ben \u00f3vod\u00e1sk\u00e9nt lett tagja a Z\u00f6ld\u00e1g\u00a0 Mozg\u00e1skult\u00fara \u00e9s Sport Egyes\u00fcletnek (alap\u00edtva: Klauz\u00e1l G\u00e1bor \u00c1lt. Iskol\u00e1ban 1996-ban)..A k\u00e9pek a 2019. 06. 15-i ballag\u00e1s\u00e1n k\u00e9sz\u00fcltek a Klauz\u00e1l G\u00e1bor \u00c1ltal\u00e1nos Iskol\u00e1ban, ahol a Z\u00f6ld\u00e1g Hagyom\u00e1ny\u0151rz\u0151 Szakk\u00f6r aj\u00e1nd\u00e9kkal k\u00f6sz\u00f6nte meg k\u00f6zel 10 \u00e9vi sokr\u00e9t\u0171 munk\u00e1j\u00e1t.<\/p>\t\t\t\t\t<\/div>\n\t\t\t\t\t\t<\/div>\n\t\t\t\t<\/div>\n\t\t\t\t\t\t<\/div>\n\t\t\t\t\t<\/div>\n\t\t<\/div>\n\t\t\t\t\t\t\t\t<\/div>\n\t\t\t\t\t<\/div>\n\t\t<\/section>\n\t\t\t\t<section class=\"elementor-section elementor-top-section elementor-element elementor-element-ae40025 elementor-section-boxed elementor-section-height-default elementor-section-height-default\" data-id=\"ae40025\" data-element_type=\"section\">\n\t\t\t\t\t\t<div class=\"elementor-container elementor-column-gap-default\">\n\t\t\t\t\t\t\t<div class=\"elementor-row\">\n\t\t\t\t\t<div class=\"elementor-column elementor-col-100 elementor-top-column elementor-element elementor-element-a9df70c\" data-id=\"a9df70c\" data-element_type=\"column\">\n\t\t\t<div class=\"elementor-column-wrap elementor-element-populated\">\n\t\t\t\t\t\t\t<div class=\"elementor-widget-wrap\">\n\t\t\t\t\t\t<div class=\"elementor-element elementor-element-ca43ebc elementor-widget elementor-widget-image\" data-id=\"ca43ebc\" data-element_type=\"widget\" data-widget_type=\"image.default\">\n\t\t\t\t<div class=\"elementor-widget-container\">\n\t\t\t\t\t\t\t\t<div class=\"elementor-image\">\n\t\t\t\t\t\t\t\t\t\t\t\t<img width=\"571\" height=\"713\" src=\"https:\/\/www.zoldagvendegszeretet.hu\/wp-content\/uploads\/2023\/01\/Kende-8-oszt.jpg\" class=\"attachment-large size-large\" alt=\"Kende 8 oszt\" loading=\"lazy\" srcset=\"https:\/\/www.zoldagvendegszeretet.hu\/wp-content\/uploads\/2023\/01\/Kende-8-oszt.jpg 571w, https:\/\/www.zoldagvendegszeretet.hu\/wp-content\/uploads\/2023\/01\/Kende-8-oszt-240x300.jpg 240w\" sizes=\"(max-width: 571px) 100vw, 571px\" \/>\t\t\t\t\t\t\t\t\t\t\t\t\t\t<\/div>\n\t\t\t\t\t\t<\/div>\n\t\t\t\t<\/div>\n\t\t\t\t\t\t<\/div>\n\t\t\t\t\t<\/div>\n\t\t<\/div>\n\t\t\t\t\t\t\t\t<\/div>\n\t\t\t\t\t<\/div>\n\t\t<\/section>\n\t\t\t\t<section class=\"elementor-section elementor-top-section elementor-element elementor-element-0793f17 elementor-section-boxed elementor-section-height-default elementor-section-height-default\" data-id=\"0793f17\" data-element_type=\"section\">\n\t\t\t\t\t\t<div class=\"elementor-container elementor-column-gap-default\">\n\t\t\t\t\t\t\t<div class=\"elementor-row\">\n\t\t\t\t\t<div class=\"elementor-column elementor-col-100 elementor-top-column elementor-element elementor-element-a4a6916\" data-id=\"a4a6916\" data-element_type=\"column\">\n\t\t\t<div class=\"elementor-column-wrap elementor-element-populated\">\n\t\t\t\t\t\t\t<div class=\"elementor-widget-wrap\">\n\t\t\t\t\t\t<div class=\"elementor-element elementor-element-728f3c8 elementor-widget elementor-widget-image\" data-id=\"728f3c8\" data-element_type=\"widget\" data-widget_type=\"image.default\">\n\t\t\t\t<div class=\"elementor-widget-container\">\n\t\t\t\t\t\t\t\t<div class=\"elementor-image\">\n\t\t\t\t\t\t\t\t\t\t\t\t<img src=\"http:\/\/localhost\/wordpress\/wp-content\/uploads\/2020\/12\/Kende-ballagasi-oklevele_Zoldag.jpg\" title=\"\" alt=\"\" \/>\t\t\t\t\t\t\t\t\t\t\t\t\t\t<\/div>\n\t\t\t\t\t\t<\/div>\n\t\t\t\t<\/div>\n\t\t\t\t\t\t<\/div>\n\t\t\t\t\t<\/div>\n\t\t<\/div>\n\t\t\t\t\t\t\t\t<\/div>\n\t\t\t\t\t<\/div>\n\t\t<\/section>\n\t\t\t\t<section class=\"elementor-section elementor-top-section elementor-element elementor-element-20b100a elementor-section-boxed elementor-section-height-default elementor-section-height-default\" data-id=\"20b100a\" data-element_type=\"section\">\n\t\t\t\t\t\t<div class=\"elementor-container elementor-column-gap-default\">\n\t\t\t\t\t\t\t<div class=\"elementor-row\">\n\t\t\t\t\t<div class=\"elementor-column elementor-col-100 elementor-top-column elementor-element elementor-element-0deaff7\" data-id=\"0deaff7\" data-element_type=\"column\">\n\t\t\t<div class=\"elementor-column-wrap elementor-element-populated\">\n\t\t\t\t\t\t\t<div class=\"elementor-widget-wrap\">\n\t\t\t\t\t\t<div class=\"elementor-element elementor-element-df17afb elementor-widget elementor-widget-image\" data-id=\"df17afb\" data-element_type=\"widget\" data-widget_type=\"image.default\">\n\t\t\t\t<div class=\"elementor-widget-container\">\n\t\t\t\t\t\t\t\t<div class=\"elementor-image\">\n\t\t\t\t\t\t\t\t\t\t\t\t<img width=\"576\" height=\"1024\" src=\"https:\/\/www.zoldagvendegszeretet.hu\/wp-content\/uploads\/2023\/01\/kende-oklevel-1-1-576x1024.jpg\" class=\"attachment-large size-large\" alt=\"\" loading=\"lazy\" srcset=\"https:\/\/www.zoldagvendegszeretet.hu\/wp-content\/uploads\/2023\/01\/kende-oklevel-1-1-576x1024.jpg 576w, https:\/\/www.zoldagvendegszeretet.hu\/wp-content\/uploads\/2023\/01\/kende-oklevel-1-1-169x300.jpg 169w, https:\/\/www.zoldagvendegszeretet.hu\/wp-content\/uploads\/2023\/01\/kende-oklevel-1-1-768x1366.jpg 768w, https:\/\/www.zoldagvendegszeretet.hu\/wp-content\/uploads\/2023\/01\/kende-oklevel-1-1-864x1536.jpg 864w, https:\/\/www.zoldagvendegszeretet.hu\/wp-content\/uploads\/2023\/01\/kende-oklevel-1-1-1152x2048.jpg 1152w, https:\/\/www.zoldagvendegszeretet.hu\/wp-content\/uploads\/2023\/01\/kende-oklevel-1-1.jpg 1388w\" sizes=\"(max-width: 576px) 100vw, 576px\" \/>\t\t\t\t\t\t\t\t\t\t\t\t\t\t<\/div>\n\t\t\t\t\t\t<\/div>\n\t\t\t\t<\/div>\n\t\t\t\t\t\t<\/div>\n\t\t\t\t\t<\/div>\n\t\t<\/div>\n\t\t\t\t\t\t\t\t<\/div>\n\t\t\t\t\t<\/div>\n\t\t<\/section>\n\t\t\t\t\t\t<\/div>\n\t\t\t\t\t\t<\/div>\n\t\t\t\t\t<\/div>\n\t\t","protected":false},"excerpt":{"rendered":"<p>J\u00e1sz Kende Andr\u00e1s 2010. okt\u00f3ber\u00e9ben \u00f3vod\u00e1sk\u00e9nt lett tagja a Z\u00f6ld\u00e1g\u00a0 Mozg\u00e1skult\u00fara \u00e9s Sport Egyes\u00fcletnek (alap\u00edtva: Klauz\u00e1l G\u00e1bor \u00c1lt. Iskol\u00e1ban 1996-ban)..A k\u00e9pek a 2019. 06. 15-i ballag\u00e1s\u00e1n k\u00e9sz\u00fcltek a Klauz\u00e1l G\u00e1bor \u00c1ltal\u00e1nos Iskol\u00e1ban, ahol a Z\u00f6ld\u00e1g Hagyom\u00e1ny\u0151rz\u0151 Szakk\u00f6r aj\u00e1nd\u00e9kkal k\u00f6sz\u00f6nte meg&hellip; <\/p>\n","protected":false},"author":1,"featured_media":0,"parent":0,"menu_order":0,"comment_status":"closed","ping_status":"closed","template":"","meta":[],"_links":{"self":[{"href":"https:\/\/www.zoldagvendegszeretet.hu\/index.php?rest_route=\/wp\/v2\/pages\/1466"}],"collection":[{"href":"https:\/\/www.zoldagvendegszeretet.hu\/index.php?rest_route=\/wp\/v2\/pages"}],"about":[{"href":"https:\/\/www.zoldagvendegszeretet.hu\/index.php?rest_route=\/wp\/v2\/types\/page"}],"author":[{"embeddable":true,"href":"https:\/\/www.zoldagvendegszeretet.hu\/index.php?rest_route=\/wp\/v2\/users\/1"}],"replies":[{"embeddable":true,"href":"https:\/\/www.zoldagvendegszeretet.hu\/index.php?rest_route=%2Fwp%2Fv2%2Fcomments&post=1466"}],"version-history":[{"count":7,"href":"https:\/\/www.zoldagvendegszeretet.hu\/index.php?rest_route=\/wp\/v2\/pages\/1466\/revisions"}],"predecessor-version":[{"id":4164,"href":"https:\/\/www.zoldagvendegszeretet.hu\/index.php?rest_route=\/wp\/v2\/pages\/1466\/revisions\/4164"}],"wp:attachment":[{"href":"https:\/\/www.zoldagvendegszeretet.hu\/index.php?rest_route=%2Fwp%2Fv2%2Fmedia&parent=1466"}],"curies":[{"name":"wp","href":"https:\/\/api.w.org\/{rel}","templated":true}]}}